*l**2 - 131*l + 199. What is the remainder when -4 - 0 - (16 - 91) is divided by d(-20)?
14
Suppose 2*z - 3*z = -5. What is the remainder when 42 is divided by 42/9*((-8)/(-56) + z)?
18
Let q(s) = -11*s**2 + 81*s + 9. Let y = -365 - -372. What is the remainder when q(y) is divided by 35?
2
Let l(b) = -b**3 + 9*b**2 + 10*b + 135. Calculate the remainder when 5803 is divided by l(10).
133
What is the remainder when (-11 + 7 + 2)*(21075/6)/(-5) is divided by 11?
8
Let t(u) = -7*u + 83. Let p be t(13). Let m(r) = -r**3 - 7*r**2 + 5*r - 14. Calculate the remainder when 17 is divided by m(p).
7
Let d(w) = -2*w**3 + w**2 + 12*w - 3. Let z be d(-6). Let c = z - 370. Calculate the remainder when 83 is divided by c.
14
Suppose -2*k + 4*z - 8 = -42, -5*k - 2*z = -25. Calculate the remainder when 748 is divided by k.
6
Let m(y) = 4*y + 308. What is the remainder when m(-60) is divided by 66?
2
Let z = 4 - -3. Let g be (z + -9)/(-3 + (1 - -1)). Suppose -5*k + 63 = -g*k. What is the remainder when 60 is divided by k?
18
What is the remainder when 2425 is divided by (-2 - (-262)/9) + (-186)/1674?
22
Let l(f) = 10*f. What is the remainder when (-27 + 36)*5 - 19 is divided by l(1)?
6
Suppose 3*b - 12 = -5*z, 4*z - 8 = -14*b + 12*b. Suppose z = w + 5*j - 71, -4*w + 302 = -8*j + 10*j. What is the remainder when 222 is divided by w?
70
Suppose -16*c + 268 = -12*c - 84. Let b = 12 + 19. What is the remainder when c is divided by b?
26
Let r(x) = x**2 + 30*x - 75. Suppose -19*m - 375 = 252. Calculate the remainder when 86 is divided by r(m).
14
Let o = -93 + 38. Let c = 59 + o. Suppose 5*l - 76 = c. What is the remainder when 77 is divided by l?
13
Suppose 145286 + 255322 = 104*x. Calculate the remainder when x is divided by 227.
220
Suppose -4*w + 2 = -t + 13, -66 = -t - 7*w. What is the remainder when t is divided by 19?
12
Suppose 138*g = 147*g - 90. What is the remainder when (-6 - -3)*(5 + (-96)/9) is divided by g?
7
Let q be ((-2)/(-4))/(6/(-84)). Let g(t) = -2*t**2 - 13*t + 9. Let a be g(q). Suppose 0 = 5*s - a*s - 15. Calculate the remainder when 13 is divided by s.
3
Let n = 39 - 38. Calculate the remainder when 2821/39 + n - (-1)/(-3) is divided by 20.
13
Suppose 65*m - 680 = 45*m. Calculate the remainder when 314 is divided by m.
8
Let f(a) = a**3 + 11*a**2 - 107*a - 47. What is the remainder when 1207 is divided by f(-17)?
29
Let b(y) = 0*y**2 - 76*y + 77*y + y**3 - 11 + 9*y**2 - 3*y**2. Calculate the remainder when 78 is divided by b(-5).
6
Let z(v) = -3*v**3 + 9*v**2 + 18*v - 21. Let a be (4/(-5))/((-3)/(-60)). Let k = 19 + a. What is the remainder when k is divided by z(4)?
0
Let h = 1378 + -1262. What is the remainder when 693 is divided by h?
113
Suppose -771*y + 769*y = 0. Suppose -f - k + 477 = y, 3*f + 59*k = 64*k + 1439. What is the remainder when f is divided by 30?
28
What is the remainder when (-6041)/(-28) + (-30)/120*2/(-2) is divided by 57?
45
Suppose 35*p + 26*p = 244. Suppose 4*x + p*q - 690 = -166, x - 135 = -5*q. Calculate the remainder when x is divided by 3.
1
Suppose 55*j - 26*j + 18*j = 2961. What is the remainder when 437 is divided by j?
59
Suppose -1898 - 5190 = 16*l. Let d = -360 - l. What is the remainder when d is divided by 32?
19
Let a(b) = 11*b - 1. Let j = 208 + 791. What is the remainder when j is divided by a(1)?
9
Let u be -23*((-20)/5 - -5). Let x = -33 - u. Let g(a) = -a**3 - 11*a**2 - 11*a - 5. Calculate the remainder when 22 is divided by g(x).
2
Calculate the remainder when 9/(45/4214)*(-55)/(-22) is divided by 10.
7
Let m(w) = -w**3 - 10*w**2 - 11*w - 20. Let o be m(-9). Let c be o - (75/3 - -3). Let l = 8 - c. Calculate the remainder when 74 is divided by l.
36
Let i = 15454 - 14507. What is the remainder when i is divided by 139?
113
Suppose q = l + 6*q - 20, 2*l - 5*q - 40 = 0. Suppose 0*i = 3*i + 4*b - 15, 0 = 4*i - 5*b - l. Calculate the remainder when -1*-1*(-51)/(-3) is divided by i.
2
Let v be -12 + (-88)/(-11) + 9. Suppose -s + o + 27 = 0, -v*s - 3*o + 111 = -0*o. Calculate the remainder when 7/(-1 + (-6)/(-5)) is divided by s.
11
Suppose 3*f + 18 - 2608 = 5*s, -8 = -2*s. What is the remainder when f is divided by 216?
6
What is the remainder when (-556545)/(-220)*16/6 is divided by 125?
121
Let d = 3397 - 3371. What is the remainder when 193 is divided by d?
11
Suppose 5*s = -2*k + 2*s + 436, -5*s - 218 = -k. Calculate the remainder when 447 is divided by k.
11
Let x be 4/(-42) - 78775/(-483). Suppose 7*g - 173 = x. What is the remainder when 236 is divided by g?
44
Let b(k) = 5*k - 5. Suppose -50*l = -47*l - 9. Suppose l*q = g - 71, 0 = g - 5*q - 21 - 60. Calculate the remainder when g is divided by b(5).
16
Let t(a) = -5*a**2 - 2*a - 1. Let o be t(-1). What is the remainder when 74 is divided by (38 - o)*(-2 - -2 - -1)?
32
Suppose 6203 = -4*z - 2*g + 6327, 2*g + 106 = 6*z. Suppose 0 = -4*t + 5*t - 32. Suppose -2*u = -194 - t. What is the remainder when u is divided by z?
21
Let d(s) = -s**3 + 71*s**2 - 387*s + 4. What is the remainder when 864 is divided by d(6)?
6
Let q(t) = -231*t + 12560. Calculate the remainder when 16080 is divided by q(54).
84
Suppose -5*m = 0, 5*c - 192 - 238 = -2*m. Let p(z) = z**3 + 6*z**2 - 4. Let q be p(-6). Calculate the remainder when c is divided by -36*q/8*1.
14
Let r be 4/30 + 22984/(-255). Let q = -2 - -4. Calculate the remainder when (-200)/r - 6/27 is divided by q.
0
Suppose -1104 + 90 = 6*s. Let x = 298 + s. What is the remainder when x is divided by 10?
9
Let c be (16/12)/(2/(-3)). Let h be (-16)/(-12) + (c - (-10)/6). What is the remainder when -19 - -41 - (-5 + h) is divided by 9?
8
Suppose -3*o = -106*b + 110*b - 357, 476 = 4*o + 4*b. What is the remainder when 273 is divided by o?
35
Suppose 0 = 4*v + 13 - 49. Suppose 28 = -5*r + v*r. Suppose -9 - 12 = -r*p. What is the remainder when 22 is divided by p?
1
Suppose 0 = 5*r + 3*k + 17, r = -4*k + k - 1. Let s be 10/r*(-8)/5. What is the remainder when 8/((-1)/s + (-135)/(-380)) is divided by 13?
11
Let o(l) = -23*l + 17. Let j(f) = -21*f + 19. Let x(n) = 3*j(n) - 4*o(n). What is the remainder when x(7) is divided by 63?
3
Suppose f + v = 244, v = 2*f - 117 - 359. Suppose 151 = 17*w - f. What is the remainder when -2 - -4 - 270/(-2) is divided by w?
22
Let o be 17/85 + (-1489)/(-10)*2. Let k = o + -221. What is the remainder when k is divided by 13?
12
Let o = -73 + 240. Suppose -3*j - 258 = -2*l, 4*j + 114 = l - 25. Suppose l + o = 10*a. Calculate the remainder when 112 is divided by a.
25
Suppose -60 = 5*z + 2*c, -5*c + 36 = -3*z - 10*c. Let n(j) = j**3 + 13*j**2 + 12*j + 1. Calculate the remainder when 1 is divided by n(z).
0
Calculate the remainder when 30/(-35)*(-6 - (-7260)/(-36)) is divided by 165.
13
Let i(d) be the second derivative of -d**3 - 6*d**2 - 2*d - 9. What is the remainder when 262 is divided by i(-6)?
22
Let q(x) = -x**2 - 15*x + 1400. Calculate the remainder when q(0) is divided by 157.
144
Let u(h) = 19*h + 7. Let c be u(-4). Let q = c + 85. Suppose 3*r = -k + 82, -r - 2*k = -q - 3. Calculate the remainder when 85 is divided by r.
27
Let b = 412 - 410. What is the remainder when b/12 + (281333/(-78))/(-19) is divided by 39?
34
Let c = -229 - -420. Let k = -3794 - -3818. What is the remainder when c is divided by k?
23
Let h = 222 - 217. Suppose 0 = -4*v - r + 261, h*r + 0 = -15. Calculate the remainder when v is divided by 35.
31
Let a be (-231)/84 + (-6)/(-8). Let s be 3/6*(-224)/a. Suppose -3*t - 35 = -6*t - b, -b = -4*t + s. What is the remainder when 21 is divided by t?
8
Let w be (0 - 19/(-6)) + 10/(-60). Suppose -d + n = -60, -w*d + 261 - 78 = -4*n. Calculate the remainder when ((-4)/(-2) - 2) + 4 + 221 is divided by d.
54
Let c(g) = -2*g**2 - 11*g + 100. Let v be c(0). Suppose v*f = 97*f + 1401. What is the remainder when f is divided by 18?
17
Suppose -5*h + 0 - 6 = 4*w, 2*h + w = 0. Suppose -4*r + u = -16 - 9, -h = 2*u. Let t(g) = g**2 - 2*g + 3. What is the remainder when r is divided by t(2)?
0
Suppose 0 = 5*t + 5*o - 505, -3*o - 497 = -5*t - 0*o. Let a(k) = -18*k - 534. What is the remainder when t is divided by a(-30)?
4
Let f(r) = 1047*r + 89052. Let y = 157 - 59. Calculate the remainder when y is divided by f(-85).
41
Let o be ((-1 - -3)*-2)/(-1). Suppose -3*j = j - 3*g 